{"id":388,"date":"2013-05-20T18:15:19","date_gmt":"2013-05-20T16:15:19","guid":{"rendered":"http:\/\/newsic.org\/kulturpro\/?page_id=388"},"modified":"2013-05-21T22:31:27","modified_gmt":"2013-05-21T20:31:27","slug":"antrag-fordermitglied-online","status":"publish","type":"page","link":"http:\/\/newsic.net\/kulturpro\/?page_id=388","title":{"rendered":"Antrag F\u00f6rdermitglied online"},"content":{"rendered":"<p>Sie m\u00f6chten Kulturpro e.V. als F\u00f6rdermitglied unterst\u00fctzen?<br \/>\nNur dieses Formular \u00fcbersenden und schon sind Sie dabei:<\/p>\n<div class=\"wpcf7\" id=\"wpcf7-f324-p388-o1\"><form action=\"\/kulturpro\/index.php?rest_route=%2Fwp%2Fv2%2Fpages%2F388#wpcf7-f324-p388-o1\" method=\"post\" class=\"wpcf7-form\" novalidate=\"novalidate\">\n<div style=\"display: none;\">\n<input type=\"hidden\" name=\"_wpcf7\" value=\"324\" \/>\n<input type=\"hidden\" name=\"_wpcf7_version\" value=\"3.4.2\" \/>\n<input type=\"hidden\" name=\"_wpcf7_unit_tag\" value=\"wpcf7-f324-p388-o1\" \/>\n<input type=\"hidden\" name=\"_wpnonce\" value=\"70e5ad0903\" \/>\n<\/div>\n<p>Vorname (erforderlich)<br \/>\n    <span class=\"wpcf7-form-control-wrap your-name1\"><input type=\"text\" name=\"your-name1\" value=\"\" size=\"33\" class=\"wpcf7-form-control wpcf7-text wpcf7-validates-as-required\" aria-required=\"true\" \/><\/span> <br \/>\nNachname (erforderlich)<br \/>\n    <span class=\"wpcf7-form-control-wrap your-name\"><input type=\"text\" name=\"your-name\" value=\"\" size=\"33\" class=\"wpcf7-form-control wpcf7-text wpcf7-validates-as-required\" aria-required=\"true\" \/><\/span> <br \/>\nStrasse & Hausnummer (erforderlich)<br \/>\n    <span class=\"wpcf7-form-control-wrap your-street\"><input type=\"text\" name=\"your-street\" value=\"\" size=\"33\" class=\"wpcf7-form-control wpcf7-text wpcf7-validates-as-required\" aria-required=\"true\" \/><\/span> <br \/>\nPLZ & Ort (erforderlich)<br \/>\n    <span class=\"wpcf7-form-control-wrap PLZOrt\"><input type=\"text\" name=\"PLZOrt\" value=\"\" size=\"33\" class=\"wpcf7-form-control wpcf7-text wpcf7-validates-as-required\" aria-required=\"true\" \/><\/span> <br \/>\nTelefon (erforderlich)<br \/>\n    <span class=\"wpcf7-form-control-wrap Telefon\"><input type=\"text\" name=\"Telefon\" value=\"\" size=\"33\" class=\"wpcf7-form-control wpcf7-text wpcf7-validates-as-required\" aria-required=\"true\" \/><\/span> <br \/>\nIhre Emailadresse (erforderlich)<br \/>\n    <span class=\"wpcf7-form-control-wrap your-email\"><input type=\"email\" name=\"your-email\" value=\"\" size=\"33\" class=\"wpcf7-form-control wpcf7-text wpcf7-email wpcf7-validates-as-required wpcf7-validates-as-email\" aria-required=\"true\" \/><\/span> <br \/>\nIhre Webseite<br \/>\n    <span class=\"wpcf7-form-control-wrap Website\"><input type=\"text\" name=\"Website\" value=\"\" size=\"33\" class=\"wpcf7-form-control wpcf7-text\" \/><\/span> <br \/>\nF\u00f6rderart (erforderlich):<br><br \/>\n    <span class=\"wpcf7-form-control-wrap menu-594\"><select name=\"menu-594\" class=\"wpcf7-form-control wpcf7-select wpcf7-validates-as-required\" aria-required=\"true\"><option value=\"monatlich\">monatlich<\/option><option value=\"einmalig\">einmalig<\/option><\/select><\/span><br \/>\nIhr Mitgliedsbeitrag - mind. 1 \u20ac (erforderlich)<br \/>\n<span class=\"wpcf7-form-control-wrap text-73\"><input type=\"text\" name=\"text-73\" value=\"\" size=\"40\" class=\"wpcf7-form-control wpcf7-text wpcf7-validates-as-required\" aria-required=\"true\" \/><\/span><br><br \/>\n<a href=\"http:\/\/newsic.net\/kulturpro\/?page_id=287\" target=\"_blank\" title=\"Satzung hier online lesen\">Vereinssatzung<\/a> gelesen und akzeptiert <span class=\"wpcf7-form-control-wrap acceptance-410\"><input type=\"checkbox\" name=\"acceptance-410\" value=\"1\" class=\"wpcf7-form-control wpcf7-acceptance\" id=\"1\" \/><\/span><br><br \/>\nIhre Anmerkungen:<br \/>\n    <span class=\"wpcf7-form-control-wrap your-message\"><textarea name=\"your-message\" cols=\"40\" rows=\"10\" class=\"wpcf7-form-control wpcf7-textarea wpcf7-validates-as-required\" aria-required=\"true\"><\/textarea><\/span> <\/p>\n<p><input type=\"hidden\" name=\"_wpcf7_captcha_challenge_captcha-976\" value=\"1153791614\" \/><img class=\"wpcf7-form-control wpcf7-captchac wpcf7-captcha-captcha-976\" width=\"72\" height=\"24\" alt=\"captcha\" src=\"http:\/\/newsic.net\/kulturpro\/wp-content\/uploads\/wpcf7_captcha\/1153791614.png\" \/><br \/>\n<span class=\"wpcf7-form-control-wrap captcha-976\"><input type=\"text\" name=\"captcha-976\" value=\"\" size=\"1\" maxlength=\"7\" class=\"wpcf7-form-control wpcf7-captchar\" \/><\/span><\/p>\n<p><input type=\"submit\" value=\"Senden\" class=\"wpcf7-form-control wpcf7-submit\" \/><\/p>\n<div class=\"wpcf7-response-output wpcf7-display-none\"><\/div><\/form><\/div>\n","protected":false},"excerpt":{"rendered":"<p>Sie m\u00f6chten Kulturpro e.V. als F\u00f6rdermitglied unterst\u00fctzen? Nur dieses Formular \u00fcbersenden und schon sind Sie dabei:<\/p>\n","protected":false},"author":1,"featured_media":0,"parent":292,"menu_order":1,"comment_status":"closed","ping_status":"closed","template":"","meta":[],"_links":{"self":[{"href":"http:\/\/newsic.net\/kulturpro\/index.php?rest_route=\/wp\/v2\/pages\/388"}],"collection":[{"href":"http:\/\/newsic.net\/kulturpro\/index.php?rest_route=\/wp\/v2\/pages"}],"about":[{"href":"http:\/\/newsic.net\/kulturpro\/index.php?rest_route=\/wp\/v2\/types\/page"}],"author":[{"embeddable":true,"href":"http:\/\/newsic.net\/kulturpro\/index.php?rest_route=\/wp\/v2\/users\/1"}],"replies":[{"embeddable":true,"href":"http:\/\/newsic.net\/kulturpro\/index.php?rest_route=%2Fwp%2Fv2%2Fcomments&post=388"}],"version-history":[{"count":4,"href":"http:\/\/newsic.net\/kulturpro\/index.php?rest_route=\/wp\/v2\/pages\/388\/revisions"}],"predecessor-version":[{"id":390,"href":"http:\/\/newsic.net\/kulturpro\/index.php?rest_route=\/wp\/v2\/pages\/388\/revisions\/390"}],"up":[{"embeddable":true,"href":"http:\/\/newsic.net\/kulturpro\/index.php?rest_route=\/wp\/v2\/pages\/292"}],"wp:attachment":[{"href":"http:\/\/newsic.net\/kulturpro\/index.php?rest_route=%2Fwp%2Fv2%2Fmedia&parent=388"}],"curies":[{"name":"wp","href":"https:\/\/api.w.org\/{rel}","templated":true}]}}