{"id":18,"date":"2010-05-05T13:10:38","date_gmt":"2010-05-05T13:10:38","guid":{"rendered":"http:\/\/kulturpro.wordpress.com\/"},"modified":"2010-05-05T13:10:38","modified_gmt":"2010-05-05T13:10:38","slug":"kulturpro-forum","status":"publish","type":"page","link":"http:\/\/newsic.net\/kulturpro\/?page_id=18","title":{"rendered":"Pre Kulturpro"},"content":{"rendered":"<p style=\"text-align:justify;\">Am 24. November 2004 wurde von mehreren Kollegen ein E-Mail betreffs der angeblichen Aufl\u00f6sung der <acronym title=\"K\u00fcnstlersozialkasse\">KSK<\/acronym> (K\u00fcnstlersozialkasse) an mich gesendet, die ich in meinem Emailverteiler (www.newsic.de) weitergeleitet habe. Daraufhin ist ein sehr gro\u00dfes und unterschiedliches Feedback entstanden.<br \/>\nDamit die Informationen f\u00fcr alle zug\u00e4nglich sind, habe ich damals begonnen unter Kulturpro.de ein Online-Forum einzurichten, um einen konstruktiven Informationsaustausch zur aktuellen Situation der Kulturpolitik anzuregen und hoffentlich auch der Weiterverbreitung von Fehlinformationen entgegenwirken zu k\u00f6nnen. Dar\u00fcberhinaus habe ich \u00fcber die Jahre versucht, Kultur- und gesellschaftspolitische Nachrichten zu archivieren, die in den Massenmedien untergegangen sind oder auch ignoriert oder\u00a0 gel\u00f6scht wurden.<\/p>\n<p style=\"text-align:justify;\">Im Kulturpro-Forum wurden seitdem Informationen zu Kultur- und gesellschaftsrelevanten Themen (KSK, GEMA, Ausschreibungen,\u00a0 Kulturrotstiftmeldungen, Informationen \u00fcber neue Kulturprojekte,\u00a0 sonstige gesellschaftsrelevante\u00a0 Themen usw.) zusammengetragen.<\/p>\n<p style=\"text-align:justify;\"><strong><a title=\"\u00c4ltere Beitr\u00e4ge von 2004 - 2010\" href=\"http:\/\/newsic.org\/kulturpro\/orion\" target=\"_blank\">Das Kulturpro-Archiv der Beitr\u00e4ge aus den Jahren\u00a0 2004 bis 2010 finden Sie hier!<\/a><\/strong><\/p>\n<p style=\"text-align:justify;\">Anmerkung zum Namen Kulturpro.de: Als 2001 ins M\u00fcnsterland umgesiedelte Exilk\u00f6lner K\u00fcnstlerin ist es mir nicht entgangen, da\u00df 2004 erstmals die rechtsextremistische und vom Verfassungsschutz beobachtete B\u00fcrgerbewegung Pro K\u00f6ln in den K\u00f6lner Stadtrat einzog. Ich distanziere mich hiermit ausdr\u00fccklich von jeder rechtsextremistischen, faschistoiden als auch jeder anderen gewaltverherrlichenden, -orientiertenden oder -tollerierenden Gesinnungen.<\/p>\n<p style=\"text-align:justify;\">Kulturpro steht in diesem Sinn f\u00fcr Kunst und Kultur, die \u00fcber jeden Wirtschafts- und Propagandafaktor hinaus vorrangig und vor allem die Basis f\u00fcr unsere Gesellschaft ist!<\/p>\n<p style=\"text-align:justify;\"><a href=\"http:\/\/dorotheehahne.de\" target=\"_blank\">Doroth\u00e9e Hahne<\/a><\/p>\n<p style=\"text-align:justify;\"><em>&#8222;Deutschland ist Deutland&#8220; (dh)<\/em><\/p>\n","protected":false},"excerpt":{"rendered":"<p>Am 24. November 2004 wurde von mehreren Kollegen ein E-Mail betreffs der angeblichen Aufl\u00f6sung der KSK (K\u00fcnstlersozialkasse) an mich gesendet, die ich in meinem Emailverteiler (www.newsic.de) weitergeleitet habe. Daraufhin ist ein sehr gro\u00dfes und unterschiedliches Feedback entstanden. Damit die Informationen f\u00fcr alle zug\u00e4nglich sind, habe ich damals begonnen unter Kulturpro.de ein Online-Forum einzurichten, um einen [&hellip;]<\/p>\n","protected":false},"author":2,"featured_media":0,"parent":255,"menu_order":1,"comment_status":"closed","ping_status":"closed","template":"","meta":[],"_links":{"self":[{"href":"http:\/\/newsic.net\/kulturpro\/index.php?rest_route=\/wp\/v2\/pages\/18"}],"collection":[{"href":"http:\/\/newsic.net\/kulturpro\/index.php?rest_route=\/wp\/v2\/pages"}],"about":[{"href":"http:\/\/newsic.net\/kulturpro\/index.php?rest_route=\/wp\/v2\/types\/page"}],"author":[{"embeddable":true,"href":"http:\/\/newsic.net\/kulturpro\/index.php?rest_route=\/wp\/v2\/users\/2"}],"replies":[{"embeddable":true,"href":"http:\/\/newsic.net\/kulturpro\/index.php?rest_route=%2Fwp%2Fv2%2Fcomments&post=18"}],"version-history":[{"count":0,"href":"http:\/\/newsic.net\/kulturpro\/index.php?rest_route=\/wp\/v2\/pages\/18\/revisions"}],"up":[{"embeddable":true,"href":"http:\/\/newsic.net\/kulturpro\/index.php?rest_route=\/wp\/v2\/pages\/255"}],"wp:attachment":[{"href":"http:\/\/newsic.net\/kulturpro\/index.php?rest_route=%2Fwp%2Fv2%2Fmedia&parent=18"}],"curies":[{"name":"wp","href":"https:\/\/api.w.org\/{rel}","templated":true}]}}